2473399714?
2, 23, 4261, 12619
What are the prime factors of 606566915?
5, 41, 2958863
What are the prime factors of 819728627?
17, 487, 99013
What are the prime factors of 4914287505?
3, 5, 2713, 40253
List the prime factors of 666798251.
7, 31, 911, 3373
List the prime factors of 2724201286.
2, 1362100643
List the prime factors of 322083933.
3, 107361311
List the prime factors of 685061997.
3, 83, 2751253
What are the prime factors of 203656279?
203656279
What are the prime factors of 95464529?
263, 362983
What are the prime factors of 99895429?
99895429
What are the prime factors of 990669240?
2, 3, 5, 11, 250169
What are the prime factors of 79359669?
3, 131, 277
List the prime factors of 32214398.
2, 23, 821, 853
What are the prime factors of 1293221033?
13, 359, 277099
What are the prime factors of 5072685108?
2, 3, 422723759
What are the prime factors of 2356617652?
2, 19, 53, 401, 1459
List the prime factors of 2434753295.
5, 13, 59, 719, 883
List the prime factors of 12657685.
5, 2531537
What are the prime factors of 993123685?
5, 198624737
List the prime factors of 840856098.
2, 3, 401, 349483
List the prime factors of 866913943.
7, 137, 281, 3217
What are the prime factors of 5093287?
1733, 2939
List the prime factors of 81177498.
2, 3, 1503287
What are the prime factors of 18822225?
3, 5, 250963
List the prime factors of 2620690973.
107, 1327, 18457
What are the prime factors of 1390236116?
2, 59, 61, 269, 359
List the prime factors of 249055035.
3, 5, 163, 101863
List the prime factors of 1034280812.
2, 1979, 130657
What are the prime factors of 129186160?
2, 5, 401, 4027
List the prime factors of 28551505.
5, 127, 44963
What are the prime factors of 2962826116?
2, 31, 137, 174407
List the prime factors of 647518511.
1097, 590263
List the prime factors of 1110355088.
2, 53, 67, 19543
List the prime factors of 5363125730.
2, 5, 29, 18493537
What are the prime factors of 18452672?
2, 7, 41189
List the prime factors of 2349829557.
3, 43, 6071911
What are the prime factors of 72041634?
2, 3, 7, 571759
List the prime factors of 4792562396.
2, 103, 1447, 8039
What are the prime factors of 363642779?
569, 639091
List the prime factors of 3578332958.
2, 17, 1579, 66653
What are the prime factors of 258116698?
2, 7, 2203, 8369
List the prime factors of 399499625.
5, 7, 456571
List the prime factors of 968402966.
2, 2477, 195479
List the prime factors of 16439937.
3, 59, 293, 317
List the prime factors of 725219743.
1609, 450727
List the prime factors of 2384435208.
2, 3, 23, 47, 73, 1259
List the prime factors of 177834330.
2, 3, 5, 1163, 1699
List the prime factors of 704835932.
2, 19, 9274157
What are the prime factors of 262981335?
3, 5, 43, 407723
What are the prime factors of 1199284624?
2, 499, 150211
List the prime factors of 83311048.
2, 19, 548099
List the prime factors of 2827766063.
2827766063
What are the prime factors of 22539210?
2, 3, 5, 751307
List the prime factors of 472945398.
2, 3, 29, 181, 15017
List the prime factors of 3077059.
83, 131, 283
List the prime factors of 3203745256.
2, 23, 151, 115309
List the prime factors of 700031.
29, 101, 239
List the prime factors of 130789103.
19, 151, 45587
What are the prime factors of 571921672?
2, 7, 43, 237509
List the prime factors of 47676765.
3, 5, 3178451
List the prime factors of 4842749306.
2, 2421374653
List the prime factors of 495887882.
2, 7, 47, 283, 2663
What are the prime factors of 6626270240?
2, 5, 41414189
List the prime factors of 676785257.
676785257
What are the prime factors of 391875748?
2, 11, 23, 593, 653
List the prime factors of 628883731.
7, 89840533
List the prime factors of 2099311532.
2, 10687, 49109
List the prime factors of 79401241.
79, 1005079
What are the prime factors of 30376093?
11, 17, 162439
What are the prime factors of 1989863926?
2, 994931963
What are the prime factors of 6365797568?
2, 13, 67, 114197
What are the prime factors of 250176691?
83, 109, 27653
List the prime factors of 34657083.
3, 19, 10667
What are the prime factors of 1798087143?
3, 101, 5934281
What are the prime factors of 43864134?
2, 3, 1723, 4243
List the prime factors of 2662127834.
2, 269, 677, 7309
What are the prime factors of 985094412?
2, 3, 73, 163, 6899
What are the prime factors of 47660049?
3, 1765187
List the prime factors of 1493314566.
2, 3, 241, 1032721
What are the prime factors of 578536667?
578536667
List the prime factors of 93816014.
2, 46908007
What are the prime factors of 77021064?
2, 3, 356579
List the prime factors of 10725729.
3, 7, 47, 10867
List the prime factors of 642962091.
3, 2939, 72923
List the prime factors of 2379750852.
2, 3, 311, 601, 1061
List the prime factors of 22096786.
2, 41, 269473
What are the prime factors of 260288729?
3803, 68443
What are the prime factors of 5956574?
2, 13, 17623
What are the prime factors of 2904913348?
2, 83, 2953, 2963
What are the prime factors of 395704723?
547, 723409
List the prime factors of 25330637.
3779, 6703
List the prime factors of 262456902.
2, 3, 29, 167597
List the prime factors of 13450134.
2, 3, 61, 36749
What are the prime factors of 181536676?
2, 17, 103, 25919
List the prime factors of 1294263286.
2, 53, 499, 24469
What are the prime factors of 2182892907?
3, 13, 55971613
List the prime factors of 213821897.
61, 3505277
List the prime factors of 816539267.
816539267
List the prime factors of 35812537.
35812537
List the prime factors of 66059707.
7, 9437101
What are the prime factors of 4960410256?
2, 19, 41, 149, 2671
What are the prime factors of 140166099?
3, 5191337
What are the prime factors of 353840026?
2, 6299, 28087
List the prime factors of 341854627.
341854627
List the prime factors of 31069163.
31069163
List the prime factors of 3792218761.
233, 16275617
List the prime factors of 1459100983.
29, 43, 1170089
What are the prime factors of 1380072706?
2, 29, 83, 283, 1013
What are the prime factors of 51518564?
2, 59, 419, 521
What are the prime factors of 46452717?
3, 1720471
List the prime factors of 7598684.
2, 197, 9643
List the prime factors of 14563957.
14563957
What are the prime factors of 45907682?
2, 22953841
What are the prime factors of 394181434?
2, 197090717
What are the prime factors of 165121595?
5, 17, 229, 499
List the prime factors of 3227675720.
2, 5, 877, 92009
List the prime factors of 345758798.
2, 7, 11, 320741
List the prime factors of 3968562.
2, 3, 13, 83, 613
What are the prime factors of 1067757965?
5, 3301, 64693
What are the prime factors of 1632311985?
3, 5, 251, 433549
What are the prime factors of 1626239081?
23, 70706047
What are the prime factors of 1034807933?
211, 4904303
What are the prime factors of 34586640?
2, 3, 5, 11, 397
What are the prime factors of 321539917?
41, 7842437
List the prime factors of 1945511.
1945511
What are the prime factors of 114527395?
5, 37, 619067
What are the prime factors of 27370806?
2, 3, 4561801
What are the prime factors of 3726484608?
2, 3, 7, 11, 126031
What are the prime factors of 151183542?
2, 3, 25197257
List the prime factors of 3322098362.
2, 11, 79, 211, 9059
What are the prime factors of 76968470?
2, 5, 139, 55373
What are the prime factors of 2892919691?
23, 125779117
List the prime factors of 7740496827.
3, 7, 17552147
What are the prime factors of 100190934?
2, 3, 47, 118429
What are the prime factors of 239839897?
11, 59, 369553
List the prime factors of 78078879.
3, 173, 50147
List the prime factors of 346628443.
7, 2393, 20693
What are the prime factors of 411790376?
2, 51473797
List the prime factors of 2382637363.
17, 6967, 20117
List the prime factors of 7043724761.
71, 99207391
List the prime factors of 586568686.
2, 11, 809, 32957
List the prime factors of 865757850.
2, 3, 5, 2129, 2711
What are the prime factors of 1428432203?
11, 53, 2450141
List the prime factors of 213188872.
2, 13, 2049893
List the prime factors of 731105094.
2, 3, 17, 23, 179, 1741
What are the prime factors of 507556768?
2, 97, 163517
What are the prime factors of 57162172?
2, 307, 46549
List the prime factors of 7645462.
2, 11, 53, 79, 83
What are the prime factors of 2437904710?
2, 5, 243790471
What are the prime factors of 20709299?
13, 307, 5189
What are the prime factors of 69621161?
23, 37, 355